{"id":1430,"date":"2019-11-25T09:43:28","date_gmt":"2019-11-25T12:43:28","guid":{"rendered":"http:\/\/wpdemo.archiwp.com\/onum\/?page_id=1430"},"modified":"2024-07-01T17:04:32","modified_gmt":"2024-07-01T20:04:32","slug":"projetos","status":"publish","type":"page","link":"https:\/\/victormoreiracunha.com.br\/index.php\/projetos\/","title":{"rendered":"Projetos"},"content":{"rendered":"\t\t<div data-elementor-type=\"wp-page\" data-elementor-id=\"1430\" class=\"elementor elementor-1430\">\n\t\t\t\t\t\t\t\t\t<section class=\"elementor-section elementor-top-section elementor-element elementor-element-520365a4 elementor-section-boxed elementor-section-height-default elementor-section-height-default\" data-id=\"520365a4\" data-element_type=\"section\">\n\t\t\t\t\t\t<div class=\"elementor-container elementor-column-gap-default\">\n\t\t\t\t\t<div class=\"elementor-column elementor-col-100 elementor-top-column elementor-element elementor-element-5de3624e ot-flex-column-vertical\" data-id=\"5de3624e\" data-element_type=\"column\">\n\t\t\t<div class=\"elementor-widget-wrap elementor-element-populated\">\n\t\t\t\t\t\t\t\t<div class=\"elementor-element elementor-element-5e310185 elementor-widget elementor-widget-iheading\" data-id=\"5e310185\" data-element_type=\"widget\" data-widget_type=\"iheading.default\">\n\t\t\t\t<div class=\"elementor-widget-container\">\n\t\t\t\t\t<div class=\"ot-heading center-align\">\n\t\t\t\n\t\t\t\t\n\n\t        \t            <h6 class=\"sub-heading\"><span>Outros Projetos<\/span><\/h6>\n\t         \n\n\t        \t        \t<h2 class=\"main-heading\">Criar solu\u00e7\u00f5es pr\u00e1ticas e eficazes que superam expectativas e impulsionam resultados.<\/h2>\n\t        \t    <\/div>\n\t    \t\t<\/div>\n\t\t\t\t<\/div>\n\t\t\t\t\t<\/div>\n\t\t<\/div>\n\t\t\t\t\t\t\t<\/div>\n\t\t<\/section>\n\t\t\t\t<section class=\"elementor-section elementor-top-section elementor-element elementor-element-753a1b7 elementor-section-boxed elementor-section-height-default elementor-section-height-default\" data-id=\"753a1b7\" data-element_type=\"section\">\n\t\t\t\t\t\t<div class=\"elementor-container elementor-column-gap-default\">\n\t\t\t\t\t<div class=\"elementor-column elementor-col-100 elementor-top-column elementor-element elementor-element-24510132 ot-flex-column-vertical\" data-id=\"24510132\" data-element_type=\"column\">\n\t\t\t<div class=\"elementor-widget-wrap elementor-element-populated\">\n\t\t\t\t\t\t\t\t<div class=\"elementor-element elementor-element-1abe061b elementor-widget elementor-widget-ipfilter\" data-id=\"1abe061b\" data-element_type=\"widget\" data-widget_type=\"ipfilter.default\">\n\t\t\t\t<div class=\"elementor-widget-container\">\n\t\t\t\n\t\t<div class=\"project-filter-wrapper\">\n\t        \t        \t<div class=\"container\">\n\t        \t\t<ul class=\"project_filters\">\n\t        \t\t\t\t        \t\t\t \t<li><a href=\"#\" data-filter=\"*\" class=\"selected\">Todos<\/a><\/li>\n\t        \t\t\t\t\t                \t\t                    <li><a href='#' data-filter='.category-15'>Concluido<\/a><\/li>\t                    \n\t\t                \t\t                    <li><a href='#' data-filter='.category-14'>Desenvolvimento<\/a><\/li>\t                    \n\t\t                \t\t\t\t\t<\/ul>\n\t\t\t\t<\/div>\n\t        \n\t        <div class=\"projects-grid projects-style-1 \">\n\t        \t<div class=\"project-grid-sizer\"><\/div>\n\t            \n\t            \t<div class=\"project-item category-14 \">\n\t\t\t\t\t\t<div class=\"projects-box\">\n\t\t\t\t\t\t\t<div class=\"projects-thumbnail\">\n\t\t\t\t\t\t\t\t<a href=\"https:\/\/victormoreiracunha.com.br\/index.php\/portfolio\/ye-moveis-e-eletro\/\">\n\t\t\t\t\t\t\t\t\t<img loading=\"lazy\" decoding=\"async\" width=\"451\" height=\"414\" src=\"https:\/\/victormoreiracunha.com.br\/wp-content\/uploads\/2019\/11\/5.png\" class=\"attachment-onum-portfolio-thumbnail-left-top size-onum-portfolio-thumbnail-left-top wp-post-image\" alt=\"\" srcset=\"https:\/\/victormoreiracunha.com.br\/wp-content\/uploads\/2019\/11\/5.png 451w, https:\/\/victormoreiracunha.com.br\/wp-content\/uploads\/2019\/11\/5-300x275.png 300w\" sizes=\"auto, (max-width: 451px) 100vw, 451px\" \/>\t\t\t\t\t\t\t\t<\/a>\n\t\t\t\t\t\t\t<\/div>\n\t\t\t\t\t\t\t<div class=\"portfolio-info s1\">\n\t\t\t\t\t\t\t\t<div class=\"portfolio-info-inner\">\n\t\t\t\t\t\t\t\t\t<h5 class=\"portfolio-info-title\"><a href=\"https:\/\/victormoreiracunha.com.br\/index.php\/portfolio\/ye-moveis-e-eletro\/\">Ye Moveis e Eletro<\/a><\/h5>\n\t\t\t\t\t\t\t\t\t<p class=\"portfolio-cates\"><a href=\"https:\/\/victormoreiracunha.com.br\/index.php\/portfolio-category\/desenvolvimento\/\">Desenvolvimento<\/a><span>\/<\/span><\/p> \n\t\t\t\t\t\t\t\t<\/div>\n\t\t\t\t\t\t\t<\/div>\n\t\t\t\t\t\t<\/div>\n\t\t\t\t\t<\/div>\n\n\t            \n\t            \t<div class=\"project-item category-14 \">\n\t\t\t\t\t\t<div class=\"projects-box\">\n\t\t\t\t\t\t\t<div class=\"projects-thumbnail\">\n\t\t\t\t\t\t\t\t<a href=\"https:\/\/victormoreiracunha.com.br\/index.php\/portfolio\/em-breve-2\/\">\n\t\t\t\t\t\t\t\t\t<img loading=\"lazy\" decoding=\"async\" width=\"451\" height=\"414\" src=\"https:\/\/victormoreiracunha.com.br\/wp-content\/uploads\/2019\/11\/EM-BREVE.png\" class=\"attachment-onum-portfolio-thumbnail-left-top size-onum-portfolio-thumbnail-left-top wp-post-image\" alt=\"\" srcset=\"https:\/\/victormoreiracunha.com.br\/wp-content\/uploads\/2019\/11\/EM-BREVE.png 451w, https:\/\/victormoreiracunha.com.br\/wp-content\/uploads\/2019\/11\/EM-BREVE-300x275.png 300w\" sizes=\"auto, (max-width: 451px) 100vw, 451px\" \/>\t\t\t\t\t\t\t\t<\/a>\n\t\t\t\t\t\t\t<\/div>\n\t\t\t\t\t\t\t<div class=\"portfolio-info s1\">\n\t\t\t\t\t\t\t\t<div class=\"portfolio-info-inner\">\n\t\t\t\t\t\t\t\t\t<h5 class=\"portfolio-info-title\"><a href=\"https:\/\/victormoreiracunha.com.br\/index.php\/portfolio\/em-breve-2\/\">Em Breve<\/a><\/h5>\n\t\t\t\t\t\t\t\t\t<p class=\"portfolio-cates\"><a href=\"https:\/\/victormoreiracunha.com.br\/index.php\/portfolio-category\/desenvolvimento\/\">Desenvolvimento<\/a><span>\/<\/span><\/p> \n\t\t\t\t\t\t\t\t<\/div>\n\t\t\t\t\t\t\t<\/div>\n\t\t\t\t\t\t<\/div>\n\t\t\t\t\t<\/div>\n\n\t            \n\t            \t<div class=\"project-item category-14 \">\n\t\t\t\t\t\t<div class=\"projects-box\">\n\t\t\t\t\t\t\t<div class=\"projects-thumbnail\">\n\t\t\t\t\t\t\t\t<a href=\"https:\/\/victormoreiracunha.com.br\/index.php\/portfolio\/ye-mega-store\/\">\n\t\t\t\t\t\t\t\t\t<img loading=\"lazy\" decoding=\"async\" width=\"451\" height=\"414\" src=\"https:\/\/victormoreiracunha.com.br\/wp-content\/uploads\/2019\/11\/3.png\" class=\"attachment-onum-portfolio-thumbnail-left-top size-onum-portfolio-thumbnail-left-top wp-post-image\" alt=\"\" srcset=\"https:\/\/victormoreiracunha.com.br\/wp-content\/uploads\/2019\/11\/3.png 451w, https:\/\/victormoreiracunha.com.br\/wp-content\/uploads\/2019\/11\/3-300x275.png 300w\" sizes=\"auto, (max-width: 451px) 100vw, 451px\" \/>\t\t\t\t\t\t\t\t<\/a>\n\t\t\t\t\t\t\t<\/div>\n\t\t\t\t\t\t\t<div class=\"portfolio-info s1\">\n\t\t\t\t\t\t\t\t<div class=\"portfolio-info-inner\">\n\t\t\t\t\t\t\t\t\t<h5 class=\"portfolio-info-title\"><a href=\"https:\/\/victormoreiracunha.com.br\/index.php\/portfolio\/ye-mega-store\/\">Ye Mega Store<\/a><\/h5>\n\t\t\t\t\t\t\t\t\t<p class=\"portfolio-cates\"><a href=\"https:\/\/victormoreiracunha.com.br\/index.php\/portfolio-category\/desenvolvimento\/\">Desenvolvimento<\/a><span>\/<\/span><\/p> \n\t\t\t\t\t\t\t\t<\/div>\n\t\t\t\t\t\t\t<\/div>\n\t\t\t\t\t\t<\/div>\n\t\t\t\t\t<\/div>\n\n\t            \n\t            \t<div class=\"project-item category-15 \">\n\t\t\t\t\t\t<div class=\"projects-box\">\n\t\t\t\t\t\t\t<div class=\"projects-thumbnail\">\n\t\t\t\t\t\t\t\t<a href=\"https:\/\/victormoreiracunha.com.br\/index.php\/portfolio\/brasilo\/\">\n\t\t\t\t\t\t\t\t\t<img loading=\"lazy\" decoding=\"async\" width=\"451\" height=\"414\" src=\"https:\/\/victormoreiracunha.com.br\/wp-content\/uploads\/2019\/11\/2.png\" class=\"attachment-onum-portfolio-thumbnail-left-top size-onum-portfolio-thumbnail-left-top wp-post-image\" alt=\"\" srcset=\"https:\/\/victormoreiracunha.com.br\/wp-content\/uploads\/2019\/11\/2.png 451w, https:\/\/victormoreiracunha.com.br\/wp-content\/uploads\/2019\/11\/2-300x275.png 300w\" sizes=\"auto, (max-width: 451px) 100vw, 451px\" \/>\t\t\t\t\t\t\t\t<\/a>\n\t\t\t\t\t\t\t<\/div>\n\t\t\t\t\t\t\t<div class=\"portfolio-info s1\">\n\t\t\t\t\t\t\t\t<div class=\"portfolio-info-inner\">\n\t\t\t\t\t\t\t\t\t<h5 class=\"portfolio-info-title\"><a href=\"https:\/\/victormoreiracunha.com.br\/index.php\/portfolio\/brasilo\/\">Brasilo<\/a><\/h5>\n\t\t\t\t\t\t\t\t\t<p class=\"portfolio-cates\"><a href=\"https:\/\/victormoreiracunha.com.br\/index.php\/portfolio-category\/concluido\/\">Concluido<\/a><span>\/<\/span><\/p> \n\t\t\t\t\t\t\t\t<\/div>\n\t\t\t\t\t\t\t<\/div>\n\t\t\t\t\t\t<\/div>\n\t\t\t\t\t<\/div>\n\n\t            \n\t            \t<div class=\"project-item category-14 \">\n\t\t\t\t\t\t<div class=\"projects-box\">\n\t\t\t\t\t\t\t<div class=\"projects-thumbnail\">\n\t\t\t\t\t\t\t\t<a href=\"https:\/\/victormoreiracunha.com.br\/index.php\/portfolio\/lojas-utilar\/\">\n\t\t\t\t\t\t\t\t\t<img loading=\"lazy\" decoding=\"async\" width=\"451\" height=\"414\" src=\"https:\/\/victormoreiracunha.com.br\/wp-content\/uploads\/2019\/11\/4.png\" class=\"attachment-onum-portfolio-thumbnail-left-top size-onum-portfolio-thumbnail-left-top wp-post-image\" alt=\"\" srcset=\"https:\/\/victormoreiracunha.com.br\/wp-content\/uploads\/2019\/11\/4.png 451w, https:\/\/victormoreiracunha.com.br\/wp-content\/uploads\/2019\/11\/4-300x275.png 300w\" sizes=\"auto, (max-width: 451px) 100vw, 451px\" \/>\t\t\t\t\t\t\t\t<\/a>\n\t\t\t\t\t\t\t<\/div>\n\t\t\t\t\t\t\t<div class=\"portfolio-info s1\">\n\t\t\t\t\t\t\t\t<div class=\"portfolio-info-inner\">\n\t\t\t\t\t\t\t\t\t<h5 class=\"portfolio-info-title\"><a href=\"https:\/\/victormoreiracunha.com.br\/index.php\/portfolio\/lojas-utilar\/\">Lojas Utilar<\/a><\/h5>\n\t\t\t\t\t\t\t\t\t<p class=\"portfolio-cates\"><a href=\"https:\/\/victormoreiracunha.com.br\/index.php\/portfolio-category\/desenvolvimento\/\">Desenvolvimento<\/a><span>\/<\/span><\/p> \n\t\t\t\t\t\t\t\t<\/div>\n\t\t\t\t\t\t\t<\/div>\n\t\t\t\t\t\t<\/div>\n\t\t\t\t\t<\/div>\n\n\t            \n\t            \t<div class=\"project-item category-15 \">\n\t\t\t\t\t\t<div class=\"projects-box\">\n\t\t\t\t\t\t\t<div class=\"projects-thumbnail\">\n\t\t\t\t\t\t\t\t<a href=\"https:\/\/victormoreiracunha.com.br\/index.php\/portfolio\/vidrobox\/\">\n\t\t\t\t\t\t\t\t\t<img loading=\"lazy\" decoding=\"async\" width=\"451\" height=\"414\" src=\"https:\/\/victormoreiracunha.com.br\/wp-content\/uploads\/2019\/11\/1.png\" class=\"attachment-onum-portfolio-thumbnail-left-top size-onum-portfolio-thumbnail-left-top wp-post-image\" alt=\"\" srcset=\"https:\/\/victormoreiracunha.com.br\/wp-content\/uploads\/2019\/11\/1.png 451w, https:\/\/victormoreiracunha.com.br\/wp-content\/uploads\/2019\/11\/1-300x275.png 300w\" sizes=\"auto, (max-width: 451px) 100vw, 451px\" \/>\t\t\t\t\t\t\t\t<\/a>\n\t\t\t\t\t\t\t<\/div>\n\t\t\t\t\t\t\t<div class=\"portfolio-info s1\">\n\t\t\t\t\t\t\t\t<div class=\"portfolio-info-inner\">\n\t\t\t\t\t\t\t\t\t<h5 class=\"portfolio-info-title\"><a href=\"https:\/\/victormoreiracunha.com.br\/index.php\/portfolio\/vidrobox\/\">VidroBox<\/a><\/h5>\n\t\t\t\t\t\t\t\t\t<p class=\"portfolio-cates\"><a href=\"https:\/\/victormoreiracunha.com.br\/index.php\/portfolio-category\/concluido\/\">Concluido<\/a><span>\/<\/span><\/p> \n\t\t\t\t\t\t\t\t<\/div>\n\t\t\t\t\t\t\t<\/div>\n\t\t\t\t\t\t<\/div>\n\t\t\t\t\t<\/div>\n\n\t            \t        <\/div>\n\t    <\/div>\n\n\t    \t\t<\/div>\n\t\t\t\t<\/div>\n\t\t\t\t\t<\/div>\n\t\t<\/div>\n\t\t\t\t\t\t\t<\/div>\n\t\t<\/section>\n\t\t\t\t\t\t\t<\/div>\n\t\t","protected":false},"excerpt":{"rendered":"<p>Outros Projetos Criar solu\u00e7\u00f5es pr\u00e1ticas e eficazes que superam expectativas e impulsionam resultados. Todos Desenvolvimento Marketing Midias Otimiza\u00e7\u00e3o Novo Soft para Rel\u00f3gio Midias\/Otimiza\u00e7\u00e3o\/ UX Design para Tubus Desenvolvimento\/ An\u00e1lise de Seguran\u00e7a Marketing\/Otimiza\u00e7\u00e3o\/ Projeto SMM Midias\/Otimiza\u00e7\u00e3o\/ Design responsivo Otimiza\u00e7\u00e3o\/ App for Health Desenvolvimento\/ Projeto B\u00e1sico Desenvolvimento\/Midias\/ Aplicativo de m\u00eddia social Marketing\/Midias\/ Sua nova realidade Marketing\/Midias\/ Experi\u00eancia [&hellip;]<\/p>\n","protected":false},"author":1,"featured_media":0,"parent":0,"menu_order":0,"comment_status":"closed","ping_status":"closed","template":"","meta":{"footnotes":""},"class_list":["post-1430","page","type-page","status-publish","hentry"],"_links":{"self":[{"href":"https:\/\/victormoreiracunha.com.br\/index.php\/wp-json\/wp\/v2\/pages\/1430","targetHints":{"allow":["GET"]}}],"collection":[{"href":"https:\/\/victormoreiracunha.com.br\/index.php\/wp-json\/wp\/v2\/pages"}],"about":[{"href":"https:\/\/victormoreiracunha.com.br\/index.php\/wp-json\/wp\/v2\/types\/page"}],"author":[{"embeddable":true,"href":"https:\/\/victormoreiracunha.com.br\/index.php\/wp-json\/wp\/v2\/users\/1"}],"replies":[{"embeddable":true,"href":"https:\/\/victormoreiracunha.com.br\/index.php\/wp-json\/wp\/v2\/comments?post=1430"}],"version-history":[{"count":6,"href":"https:\/\/victormoreiracunha.com.br\/index.php\/wp-json\/wp\/v2\/pages\/1430\/revisions"}],"predecessor-version":[{"id":5118,"href":"https:\/\/victormoreiracunha.com.br\/index.php\/wp-json\/wp\/v2\/pages\/1430\/revisions\/5118"}],"wp:attachment":[{"href":"https:\/\/victormoreiracunha.com.br\/index.php\/wp-json\/wp\/v2\/media?parent=1430"}],"curies":[{"name":"wp","href":"https:\/\/api.w.org\/{rel}","templated":true}]}}